is the ten thousands digit of 723074251?
7
What is the tens digit of 276845677?
7
What is the ten thousands digit of 10995760?
9
What is the hundred millions digit of 717229215?
7
What is the hundreds digit of 870207278?
2
What is the units digit of 372793505?
5
What is the units digit of 1095800461?
1
What is the billions digit of 2161099508?
2
What is the ten thousands digit of 3548342100?
4
What is the hundred thousands digit of 989458282?
4
What is the hundreds digit of 130900439?
4
What is the ten millions digit of 29487096?
2
What is the units digit of 3872104227?
7
What is the millions digit of 138996488?
8
What is the ten millions digit of 19822164?
1
What is the hundred thousands digit of 49808822?
8
What is the thousands digit of 214862183?
2
What is the millions digit of 83222039?
3
What is the ten thousands digit of 36948733?
4
What is the millions digit of 97355907?
7
What is the hundred thousands digit of 91102131?
1
What is the hundreds digit of 1748799759?
7
What is the thousands digit of 775911460?
1
What is the millions digit of 2411661779?
1
What is the hundred millions digit of 8569526049?
5
What is the thousands digit of 365405003?
5
What is the ten thousands digit of 11156759?
5
What is the units digit of 83272273?
3
What is the thousands digit of 2917373703?
3
What is the hundreds digit of 87030933?
9
What is the millions digit of 165790168?
5
What is the units digit of 432950271?
1
What is the ten thousands digit of 43030504?
3
What is the units digit of 1109603442?
2
What is the thousands digit of 179993042?
3
What is the units digit of 64324391?
1
What is the hundreds digit of 972973666?
6
What is the ten thousands digit of 9809870?
0
What is the hundred thousands digit of 281219946?
2
What is the units digit of 345134964?
4
What is the tens digit of 1772383179?
7
What is the ten thousands digit of 66679409?
7
What is the thousands digit of 154171422?
1
What is the ten thousands digit of 1830888692?
8
What is the ten thousands digit of 103424643?
2
What is the units digit of 249775483?
3
What is the billions digit of 1574861697?
1
What is the millions digit of 81596352?
1
What is the hundred thousands digit of 393016172?
0
What is the ten thousands digit of 1698506946?
0
What is the hundred thousands digit of 1255397290?
3
What is the hundred thousands digit of 594912842?
9
What is the ten millions digit of 3191513913?
9
What is the millions digit of 475626764?
5
What is the ten millions digit of 29169655?
2
What is the units digit of 930633520?
0
What is the millions digit of 2444637832?
4
What is the hundreds digit of 340009250?
2
What is the ten millions digit of 26620523?
2
What is the hundred thousands digit of 193763314?
7
What is the hundred millions digit of 131878027?
1
What is the ten millions digit of 67318089?
6
What is the millions digit of 127340647?
7
What is the ten millions digit of 4330353559?
3
What is the tens digit of 2758863467?
6
What is the hundreds digit of 702929943?
9
What is the ten millions digit of 24791589?
2
What is the ten millions digit of 938309235?
3
What is the hundreds digit of 15525274?
2
What is the millions digit of 74563863?
4
What is the tens digit of 55274082?
8
What is the tens digit of 137997802?
0
What is the hundred thousands digit of 13468637?
4
What is the tens digit of 107907895?
9
What is the hundred thousands digit of 1557878?
5
What is the hundred thousands digit of 97278553?
2
What is the units digit of 92488274?
4
What is the thousands digit of 881934036?
4
What is the thousands digit of 405959418?
9
What is the tens digit of 5261051492?
9
What is the thousands digit of 438403?
8
What is the hundred thousands digit of 4608112467?
1
What is the thousands digit of 99427311?
7
What is the tens digit of 274495172?
7
What is the hundred millions digit of 907245446?
9
What is the hundreds digit of 1799673633?
6
What is the hundred thousands digit of 2178939769?
9
What is the ten thousands digit of 2510874909?
7
What is the tens digit of 579351010?
1
What is the thousands digit of 230832844?
2
What is the ten millions digit of 4619531454?
1
What is the hundreds digit of 1622660789?
7
What is the hundred thousands digit of 675447625?
4
What is the ten millions digit of 33820231?
3
What is the thousands digit of 79882779?
2
What is the hundreds digit of 34558402?
4
What is the units digit of 375762025?
5
What is the ten millions digit of 195379449?
9
What is the units digit of 79304402?
2
What is the ten millions digit of 65319005?
6
What is the units digit of 73881299?
9
What is the ten millions digit of 588704615?
8
What is the hundred thousands digit of 60243627?
2
What is the millions digit of 28336089?
8
What is the ten millions digit of 70240249?
7
What is the hundreds digit of 884100385?
3
What is the tens digit of 2791790107?
0
What is the tens digit of 1235909256?
5
What is the thousands digit of 70684422?
4
What is the thousands digit of 214996312?
6
What is the thousands digit of 46204031?
4
What is the ten millions digit of 49782579?
4
What is the thousands digit of 92846495?
6
What is the ten millions digit of 12775706?
1
What is the hundred thousands digit of 2101733184?
7
What is the units digit of 141828886?
6
What is the hundreds digit of 1512998028?
0
What is the ten millions digit of 89707057?
8
What is the hundred millions digit of 4421860699?
4
What is the hundreds digit of 3914388929?
9
What is the ten thousands digit of 746201686?
0
What is the thousands digit of 23745663?
5
What is the tens digit of 48971963?
6
What is the hundred millions digit of 2337952611?
3
What is the hundreds digit of 5937449399?
3
What is the tens digit of 284656319?
1
What is the hundred thousands digit of 432946503?
9
What is the millions digit of 117794748?
7
What is the units digit of 846562409?
9
What is the units digit of 67751978?
8
What is the tens digit of 6648648?
4
What is the thousands digit of 271928167?
8
What is the hundred thousands digit of 11793090?
7
What is the millions digit of 64586091?
4
What is the hundred millions digit of 570588193?
5
What is the ten millions digit of 830609322?
3
What is the hundred millions digit of 2456291524?
4
What is the units digit of 116659011?
1
What is the ten millions digit of 128249921?
2
What is the hundreds digit of 5169266?
2
What is the ten millions digit of 161490238?
6
What is the hundred millions digit of 1128091460?
1
What is the tens digit of 3292316275?
7
What is the tens digit of 198233382?
8
What is the millions digit of 44160174?
4
What is the hundred thousands digit of 67324993?
3
What is the hundred millions digit of 818754810?
8
What is the ten millions digit of 183493676?
8
What is the units digit of 39298740?
0
What is the tens digit of 3657614963?
6
What is the millions digit of 251119042?
1
What is the millions digit of 2465984794?
5
What is the ten millions digit of 268760552?
6
What is the tens digit of 34248814?
1
What is the ten millions digit of 35129771?
3
What is the units digit of 100362947?
7
What is the thousands digit of 39403813?
3
What is the hundred thousands digit of 24736834?
7
What is the units digit of 143817232?
2
What is the thousands digit of 284040468?
0
What is the hundred thousands digit of 467732557?
7
What is the ten thousands digit of 25225524?
2
What is the ten thousands digit of 175670158?
7
What is the millions digit of 5643237?
5
What is the ten thousands digit of 61261828?
6
What is the tens digit of 6427523379?
7
What is the units digit of 32391587?
7
What is the ten thousands digit of 169498894?
9
What is the ten thousands digit of 138701572?
0
What is the hundred millions digit of 1845644104?
8
What is the thousands digit of 100952773?
2
What is the ten millions digit of 13354346?
1
What is the thousands digit of 5792983?
2
What is the hundreds digit of 1090825208?
2
What is the hundred millions digit of 5817942006?
8
What is the units digit of 866286901?
1
What is the tens digit of 1772685231?
3
What is the millions digit of 1228272790?
8
What is the tens digit of 190412445?
4
What is the units digit of 3794845850?
0
What is the hundred millions digit of 107710907?
1
What is the ten millions digit of 28922504?
2
What is the thousands digit of 29315664?
5
What 